on divisor of r and 125.
1
Let v be (-3)/(-2)*-4*43836/312. Let i = -310 - v. What is the greatest common divisor of 41 and i?
41
Let j = 65 + -35. Suppose 11*u - 1411 = 3748. Let k = -463 + u. What is the greatest common divisor of k and j?
6
Suppose 40*l + 892 = 44*l - 5*t, l - 4*t = 256. Suppose 4*d + 3*k - 244 = 0, -d + 88 = -2*k + 16. What is the highest common factor of d and l?
16
Let z be 0 - 2/(-12) - 838031/(-834). Suppose 5*t + 478 = 3*i - z, -4 = -4*t. What is the highest common divisor of 16 and i?
16
Let p = 11548 + -11494. What is the highest common divisor of p and 3105?
27
Let m(o) = -4*o**3 + 11*o + 38. Let w be m(-4). Suppose 0 = -29*x + 39*x - w. What is the greatest common divisor of x and 20?
5
Let y be (208/(-78))/((-14)/105). Let r be (-1)/((-68)/24 - -3). Let b = 4 - r. What is the greatest common divisor of b and y?
10
Let g(v) = v**2 + 1311*v + 20839. Let o be g(-16). Let c(z) = 3*z + 5. Let w be c(4). What is the highest common factor of o and w?
17
Let o be (-14 + (-23904)/27)*3/(-2). What is the greatest common divisor of 213 and o?
71
Let g be (-4)/3 + 2 - (-1600)/(-24). Let w = g - -150. Let l be ((-16)/12)/((-8)/w). What is the highest common factor of 4 and l?
2
Let w = -890 - -946. Suppose -61 = -o - 0*o. Let a = o - w. Calculate the greatest common divisor of a and 60.
5
Let i be (-21)/14*(-4 - -2). Suppose 4*p - 220 = 5*u + 203, -2*p - i*u = -195. Calculate the highest common factor of 51 and p.
51
Let u(i) = -9*i + 84. Suppose d + 0*h - 15 = -3*h, 0 = -5*d - 5*h + 25. Let v be u(d). What is the greatest common factor of 12 and v?
12
Let d = 166 - 85. Suppose 4*k = d - 13. Let x(u) = -u**3 + 17*u**2 + 3*u + 5. Let s be x(k). Calculate the highest common factor of s and 7.
7
Let o be (-42)/(-63)*11193/14. What is the greatest common divisor of 492 and o?
41
Suppose -29 = -8*f + 19. Let g be 140/42*f/(-4). Let x = 16 + g. Calculate the highest common factor of x and 121.
11
Let d = -2462 + 2542. Calculate the highest common factor of d and 1008.
16
Let i(t) = -2*t**3 - t**2 - t. Let m(g) = 15*g**2 + 8*g - 2. Let l(j) = -i(j) - m(j). Let b be l(10). Calculate the highest common factor of b and 152.
76
Let j be (16/(-12))/(8/(-18)). Suppose -5*s - j*t = -1362, -1354 = -10*s + 5*s - t. Suppose 6*u + 3*u = s. Calculate the greatest common divisor of 210 and u.
30
Suppose 854*a = 873*a - 53371. Calculate the highest common divisor of 53 and a.
53
Let r = 21584 + -9568. Calculate the greatest common factor of r and 16.
16
Suppose -3*c + f - 3*f + 9 = 0, -9 = 3*f. Let t(o) = -4*o - 79. Suppose 30 = -2*r - 22. Let n be t(r). What is the greatest common factor of c and n?
5
Suppose 72062 = 69*p - 129694. What is the highest common factor of p and 344?
172
Let l(c) = -c**3 - 24*c**2 - 29*c - 110. Let x be l(-23). Calculate the highest common factor of 133 and x.
7
Let y(p) = p**3 + 14*p**2 - 15*p - 345. Let z be y(-13). Suppose -1665 = -3*s + 8*v - 4*v, -4*s - 5*v = -2189. Calculate the greatest common factor of z and s.
19
Suppose 4 = -3*c + 1642. Let i be (-6836)/(-38) + (c/133 - 4). Calculate the greatest common divisor of i and 36.
36
Let u(s) = -8*s - 59. Let t be u(11). Let h = -133 - t. Calculate the highest common factor of 119 and h.
7
Let b(z) = z**3 - 4*z**2 + 3*z. Let p be b(4). Let i = 109 + -308. Let l = -181 - i. Calculate the greatest common divisor of p and l.
6
Suppose -6*p + 13527 = -33*p. Let f = 519 + p. What is the greatest common factor of f and 150?
6
Suppose -4*s - v = -116, 2*s - 5*v - 80 = -0*s. Suppose -b + 2*i - 1 = 0, b + 5*i = -2*b + s. Calculate the highest common divisor of 5 and b.
5
Suppose -73929*a = -73930*a + 6187. What is the greatest common divisor of 23 and a?
23
Let q be -18 + -1 - (-6066 - -543). What is the highest common divisor of 256 and q?
128
Suppose -9*t + 11*t - 108 = 0. Let y = -85 - -97. Suppose 5*f - 123 = y. Calculate the greatest common factor of t and f.
27
Let y = -16459 - -16570. Let z be (1 - 0)*(1 - -147). Calculate the highest common factor of z and y.
37
Let r(c) = -964*c - 1834. Let g be r(-2). What is the highest common factor of 45778 and g?
94
Suppose -5975 + 7248 = 19*y. Calculate the highest common factor of 5963 and y.
67
Let z = 64 - 62. Suppose x + i - 298 = 0, -z*i - 295 = -6*x + 5*x. What is the highest common divisor of x and 27?
27
Suppose -3*f = -430 - 98. What is the highest common factor of 220 and f?
44
Let p be 37536/1794 - (-2)/26. Let m be 2/((-32)/(-28))*4. Calculate the highest common divisor of m and p.
7
Let q be 48/32 + 118/(-4). Let d = q + 49. Calculate the highest common divisor of 14 and d.
7
Suppose -4*g - 16 = -4*n - 20, -3*g + 3 = -4*n. Let k be -5 + g - (-20)/6*42. What is the greatest common divisor of 34 and k?
34
Let f(u) = -u**2 + 10*u + 4. Let m(x) = -x + 12. Let y be m(5). Suppose 0 = h - y*h + 54. Let b be f(h). Calculate the highest common divisor of b and 26.
13
Let n(c) = -5*c**3 - 8*c**2 - 7*c - 18. Let m be n(-6). Let j = m - 640. What is the highest common divisor of 11 and j?
11
Suppose -55*u + 253825 + 316415 = 0. What is the greatest common divisor of u and 128?
128
Suppose 4*w - 1734 = w + b, 2312 = 4*w - 2*b. Let v be w/12 + (-13)/78. What is the greatest common divisor of 48 and v?
48
Let a = -2769 - -2817. Calculate the greatest common divisor of a and 7848.
24
Let l(y) = -2*y**3 + 18*y**2 + 9*y + 21. Let u be l(9). Suppose 3*d + 271 = 307. Calculate the greatest common divisor of d and u.
6
Let x be (89726/609)/(2/3). What is the greatest common divisor of x and 85?
17
Let y(i) = -i**3 - 23*i**2 + 2*i + 29. Let m be y(-23). Let h = m - -27. What is the greatest common divisor of h and 5?
5
Suppose 2*a - 3*j - 31 = 0, 3*j + 34 = 3*a - 8. Suppose -47 = -12*t - a. What is the greatest common divisor of t and 3?
3
Suppose 0*c = 10*c - 40. Let o(d) = -d + 10. Let z be o(c). What is the highest common factor of 33 and z?
3
Suppose -9*n - 13903 + 17773 = 0. Calculate the greatest common factor of n and 330.
10
Suppose 2*n - 2*k - 100 = 0, -7*n + 155 = -4*n + 2*k. Suppose 0 = -9*m + n + 84. What is the greatest common divisor of m and 390?
15
Let d(r) = -2*r**2 + 64*r - 19. Let n be d(26). Let x = n - 248. Calculate the highest common divisor of 63 and x.
9
Let m be 21 + (-10 - -2954) + 10. Calculate the greatest common factor of m and 340.
85
Let q = 18321 + -18310. Calculate the greatest common factor of q and 24937.
11
Let k be 6/(36/(-30)) + 181. What is the greatest common factor of k and 11?
11
Let p = -25870 - -29355. Calculate the highest common divisor of p and 82.
41
Suppose 8*y - 222376 = -z - 2*z, 2*y = 5*z + 55594. Calculate the highest common divisor of y and 77.
77
Let m be (25 - -1)/((-230)/40 - -6). Let l be -1 + (-2)/2 + 15. Calculate the greatest common factor of m and l.
13
Let u(p) = 6*p**2 - 10*p**3 + 17 - 26 + 23 + 15*p. Let w be u(-5). Calculate the highest common factor of w and 13.
13
Suppose 33*k + 1189 = 15346. Suppose 3*g = o - k, -3*g = o + 278 - 689. Calculate the greatest common factor of 84 and o.
84
Suppose 4*p - 31 = 3*b, -14*p - 4*b = -9*p - 62. Suppose 550 = 4*q + q. Calculate the highest common factor of p and q.
10
Let i be -1 + 2 + 535/5. Let b = -12970 + 12997. What is the greatest common divisor of b and i?
27
Let j = 3 - -129. Let h = -28 - -38. Suppose -11*b = -h*b - 12. Calculate the greatest common factor of j and b.
12
Suppose -15 = -2*o + i, 2*i + 39 = 5*o - i. Let m be -13 + 2 + 5 + -4. Let z = m + 24. What is the greatest common divisor of z and o?
2
Suppose 3*z + 957 = 14*z. Let r = z - 75. Let i(t) = -t + 20. Let d be i(r). Calculate the highest common factor of 2 and d.
2
Let n(w) = -24*w - 113. Let t be n(-9). Let m = t + -89. Let f(l) = 2*l + 19. Let k be f(8). Calculate the greatest common divisor of k and m.
7
Let y be 10/(-5) - (-1 - 249). Let t(u) = 27*u**2 + 19*u - 15. Let s be t(1). Calculate the greatest common divisor of s and y.
31
Suppose 0 = -x + 7, 5*o + 29 - 41 = -x. What is the greatest common factor of 167 and o?
1
Suppose -25*f + f = -6336. Calculate the greatest common divisor of f and 1716.
132
Let d = -237 - -265. Let m = 1215 + -669. Calculate the highest common factor of d and m.
14
Suppose 42*d + 137 = 2*y + 47*d, 7*y - d = 461. Su